{"id":8,"date":"2021-04-20T16:45:42","date_gmt":"2021-04-20T16:45:42","guid":{"rendered":"https:\/\/calculotrabalhista.rafaelmota.adv.br\/?page_id=8"},"modified":"2021-04-21T10:13:13","modified_gmt":"2021-04-21T10:13:13","slug":"calculo-trabalhista","status":"publish","type":"page","link":"https:\/\/calculotrabalhista.rafaelmota.adv.br\/","title":{"rendered":"C\u00e1lculo Trabalhista"},"content":{"rendered":"<p><img decoding=\"async\" width=\"580\" height=\"234\" src=\"https:\/\/calculotrabalhista.rafaelmota.adv.br\/wp-content\/uploads\/2021\/04\/LOGO-RAFAEL-MOTA-CALCULO-JURIDICO-01-1024x414.png\" alt=\"\" loading=\"lazy\" srcset=\"https:\/\/calculotrabalhista.rafaelmota.adv.br\/wp-content\/uploads\/2021\/04\/LOGO-RAFAEL-MOTA-CALCULO-JURIDICO-01-1024x414.png 1024w, https:\/\/calculotrabalhista.rafaelmota.adv.br\/wp-content\/uploads\/2021\/04\/LOGO-RAFAEL-MOTA-CALCULO-JURIDICO-01-300x121.png 300w, https:\/\/calculotrabalhista.rafaelmota.adv.br\/wp-content\/uploads\/2021\/04\/LOGO-RAFAEL-MOTA-CALCULO-JURIDICO-01-768x311.png 768w, https:\/\/calculotrabalhista.rafaelmota.adv.br\/wp-content\/uploads\/2021\/04\/LOGO-RAFAEL-MOTA-CALCULO-JURIDICO-01-1536x622.png 1536w, https:\/\/calculotrabalhista.rafaelmota.adv.br\/wp-content\/uploads\/2021\/04\/LOGO-RAFAEL-MOTA-CALCULO-JURIDICO-01-2048x829.png 2048w, https:\/\/calculotrabalhista.rafaelmota.adv.br\/wp-content\/uploads\/2021\/04\/LOGO-RAFAEL-MOTA-CALCULO-JURIDICO-01-1200x486.png 1200w, https:\/\/calculotrabalhista.rafaelmota.adv.br\/wp-content\/uploads\/2021\/04\/LOGO-RAFAEL-MOTA-CALCULO-JURIDICO-01-1980x801.png 1980w\" sizes=\"auto, (max-width: 580px) 100vw, 580px\" \/>\t\t\t\t\t\t\t\t\t\t\t<\/p>\n<h2>C\u00e1lculos trabalhistas com confiabilidade e credibilidade. Conte com a nossa experi\u00eancia.<br \/>\n<\/h2>\n<p>Deixe o trabalho burocr\u00e1tico com a gente! Somos especializados em c\u00e1lculos jur\u00eddicos trabalhistas.<\/p>\n<p>\t\t\t<a href=\"https:\/\/api.whatsapp.com\/send?phone=5585981764754\" role=\"button\"><br \/>\n\t\t\t\t\t\tCONVERSE CONOSCO<br \/>\n\t\t\t\t\t<\/a><\/p>\n<p>C\u00e1lculos trabalhistas podem ser uma dor de cabe\u00e7a. N\u00f3s entendemos.<\/p>\n<p>\t\t\t\t\t\t\t\t\t\t<img decoding=\"async\" width=\"580\" height=\"580\" src=\"https:\/\/calculotrabalhista.rafaelmota.adv.br\/wp-content\/uploads\/2021\/04\/icones-calculo-juridico-01.png\" alt=\"\" loading=\"lazy\" srcset=\"https:\/\/calculotrabalhista.rafaelmota.adv.br\/wp-content\/uploads\/2021\/04\/icones-calculo-juridico-01.png 626w, https:\/\/calculotrabalhista.rafaelmota.adv.br\/wp-content\/uploads\/2021\/04\/icones-calculo-juridico-01-300x300.png 300w, https:\/\/calculotrabalhista.rafaelmota.adv.br\/wp-content\/uploads\/2021\/04\/icones-calculo-juridico-01-150x150.png 150w\" sizes=\"auto, (max-width: 580px) 100vw, 580px\" \/>\t\t\t\t\t\t\t\t\t\t\t<\/p>\n<h2>Eles exigem aten\u00e7\u00e3o m\u00e1xima<\/h2>\n<p>Esses c\u00e1lculos precisam ser feitos com m\u00e1xima aten\u00e7\u00e3o, pois o desfecho dos processos depende diretamente da precis\u00e3o deles.<\/p>\n<p>\t\t\t\t\t\t\t\t\t\t<img decoding=\"async\" width=\"580\" height=\"580\" src=\"https:\/\/calculotrabalhista.rafaelmota.adv.br\/wp-content\/uploads\/2021\/04\/icones-calculo-juridico-02.png\" alt=\"\" loading=\"lazy\" srcset=\"https:\/\/calculotrabalhista.rafaelmota.adv.br\/wp-content\/uploads\/2021\/04\/icones-calculo-juridico-02.png 626w, https:\/\/calculotrabalhista.rafaelmota.adv.br\/wp-content\/uploads\/2021\/04\/icones-calculo-juridico-02-300x300.png 300w, https:\/\/calculotrabalhista.rafaelmota.adv.br\/wp-content\/uploads\/2021\/04\/icones-calculo-juridico-02-150x150.png 150w\" sizes=\"auto, (max-width: 580px) 100vw, 580px\" \/>\t\t\t\t\t\t\t\t\t\t\t<\/p>\n<h2>As regras mudam o tempo todo<\/h2>\n<p>C\u00e1lculos trabalhistas est\u00e3o em constante mudan\u00e7a, e pode ser que voc\u00ea esteja trabalhando com dados desatualizados.<\/p>\n<p>\t\t\t\t\t\t\t\t\t\t<img decoding=\"async\" width=\"580\" height=\"580\" src=\"https:\/\/calculotrabalhista.rafaelmota.adv.br\/wp-content\/uploads\/2021\/04\/icones-calculo-juridico-03.png\" alt=\"\" loading=\"lazy\" srcset=\"https:\/\/calculotrabalhista.rafaelmota.adv.br\/wp-content\/uploads\/2021\/04\/icones-calculo-juridico-03.png 626w, https:\/\/calculotrabalhista.rafaelmota.adv.br\/wp-content\/uploads\/2021\/04\/icones-calculo-juridico-03-300x300.png 300w, https:\/\/calculotrabalhista.rafaelmota.adv.br\/wp-content\/uploads\/2021\/04\/icones-calculo-juridico-03-150x150.png 150w\" sizes=\"auto, (max-width: 580px) 100vw, 580px\" \/>\t\t\t\t\t\t\t\t\t\t\t<\/p>\n<h2>Eles tomam tempo<\/h2>\n<p>Fazer c\u00e1lculos jur\u00eddicos trabalhistas pode se tornar um trabalho repetitivo, demorado e cansativo.<\/p>\n<p>Nossa empresa existe para tirar essa carga dos seus ombros e fazer todo o trabalho t\u00e9cnico por voc\u00ea.<\/p>\n<p>\t\t\t<a href=\"https:\/\/api.whatsapp.com\/send?phone=5585981764754\" role=\"button\"><br \/>\n\t\t\t\t\t\tDEIXE O TRABALHO T\u00c9CNICO CONOSCO<br \/>\n\t\t\t\t\t<\/a><\/p>\n<h2>O que podemos fazer por voc\u00ea:<\/h2>\n<ul>\n<li>\n\t\t\t\t\t\t\t\t\t\tC\u00e1lculo de tempo de contribui\u00e7\u00e3o\n\t\t\t\t\t\t\t\t\t<\/li>\n<li>\n\t\t\t\t\t\t\t\t\t\tC\u00e1lculo da RMI (Renda Mensal Inicial)\n\t\t\t\t\t\t\t\t\t<\/li>\n<li>\n\t\t\t\t\t\t\t\t\t\tC\u00e1lculo de valor da causa\n\t\t\t\t\t\t\t\t\t<\/li>\n<li>\n\t\t\t\t\t\t\t\t\t\tC\u00e1lculo de liquida\u00e7\u00e3o de senten\u00e7a\n\t\t\t\t\t\t\t\t\t<\/li>\n<li>\n\t\t\t\t\t\t\t\t\t\tC\u00e1lculo de contribui\u00e7\u00f5es em atraso\n\t\t\t\t\t\t\t\t\t<\/li>\n<li>\n\t\t\t\t\t\t\t\t\t\tC\u00e1lculo de apura\u00e7\u00e3o de imposto de renda\n\t\t\t\t\t\t\t\t\t<\/li>\n<li>\n\t\t\t\t\t\t\t\t\t\tC\u00e1lculo de apura\u00e7\u00e3o de INSS e FGTS\n\t\t\t\t\t\t\t\t\t<\/li>\n<li>\n\t\t\t\t\t\t\t\t\t\tC\u00e1lculo de rescis\u00e3o de contrato\n\t\t\t\t\t\t\t\t\t<\/li>\n<li>\n\t\t\t\t\t\t\t\t\t\tC\u00e1lculo para acordos\n\t\t\t\t\t\t\t\t\t<\/li>\n<li>\n\t\t\t\t\t\t\t\t\t\tC\u00e1lculo de apura\u00e7\u00e3o de folha de ponto e horas-extras\n\t\t\t\t\t\t\t\t\t<\/li>\n<\/ul>\n<p>\t\t\t<a href=\"https:\/\/api.whatsapp.com\/send?phone=5585981764754\" role=\"button\"><br \/>\n\t\t\t\t\t\tDEIXE OS C\u00c1LCULOS CONOSCO<br \/>\n\t\t\t\t\t<\/a><\/p>\n<h2>Conhe\u00e7a quem vai te ajudar<\/h2>\n<p>\t\t\t\t\t\t\t\t\t\t<img decoding=\"async\" width=\"580\" height=\"580\" src=\"https:\/\/calculotrabalhista.rafaelmota.adv.br\/wp-content\/uploads\/2021\/04\/pp.jpg\" alt=\"\" loading=\"lazy\" srcset=\"https:\/\/calculotrabalhista.rafaelmota.adv.br\/wp-content\/uploads\/2021\/04\/pp.jpg 640w, https:\/\/calculotrabalhista.rafaelmota.adv.br\/wp-content\/uploads\/2021\/04\/pp-300x300.jpg 300w, https:\/\/calculotrabalhista.rafaelmota.adv.br\/wp-content\/uploads\/2021\/04\/pp-150x150.jpg 150w\" sizes=\"auto, (max-width: 580px) 100vw, 580px\" \/>\t\t\t\t\t\t\t\t\t\t\t<\/p>\n<h2>Rafael Mota<\/h2>\n<p>Advogado especialista em ajudar trabalhadores que tiveram seus direitos sonegados pelos seus patr\u00f5es. Experi\u00eancia em mais de 1.000 processos trabalhistas.<\/p>\n<p>\t\t\t<a href=\"https:\/\/api.whatsapp.com\/send?phone=5585981764754\" role=\"button\"><br \/>\n\t\t\t\t\t\tDEIXE OS C\u00c1LCULOS CONOSCO<br \/>\n\t\t\t\t\t<\/a><\/p>\n<h2>O que nossos clientes dizem<\/h2>\n<p>\t\t\t\t\t\t\t\t\t\t<img decoding=\"async\" width=\"512\" height=\"512\" src=\"https:\/\/calculotrabalhista.rafaelmota.adv.br\/wp-content\/uploads\/2021\/04\/5-stars.png\" alt=\"\" loading=\"lazy\" srcset=\"https:\/\/calculotrabalhista.rafaelmota.adv.br\/wp-content\/uploads\/2021\/04\/5-stars.png 512w, https:\/\/calculotrabalhista.rafaelmota.adv.br\/wp-content\/uploads\/2021\/04\/5-stars-300x300.png 300w, https:\/\/calculotrabalhista.rafaelmota.adv.br\/wp-content\/uploads\/2021\/04\/5-stars-150x150.png 150w\" sizes=\"auto, (max-width: 512px) 100vw, 512px\" \/>\t\t\t\t\t\t\t\t\t\t\t<\/p>\n<h2>Escrit\u00f3rio nota 5,0<\/h2>\n<p>Um profissional super dedicado aos clientes, super atencioso e com uma dedica\u00e7\u00e3o incr\u00edvel. Grata pela parceria Doutor!  Ps: responde muito r\u00e1pido. rsrs<\/p>\n<p>Juliana Costa<\/p>\n<p>C\u00e1lculos entregues de forma correta e extremamente c\u00e9lere. Sendo importante destacar, ainda, a disponibilidade do Dr. Rafael Mota em tirar todas as d\u00favidas remanescentes.<\/p>\n<p>Guilherme Webster<\/p>\n<p>Atendimento com profissionalismo e qualidade na entrega. O parecer da an\u00e1lise \u00e9 brm criterioso e de f\u00e1cil leitura. Indico para qualquer colega que necessite de c\u00e1lculos trabalhistas.<\/p>\n<p>Ivanna Rodrigues<\/p>\n<p>Dr. Rafael \u00e9 muito sol\u00edcito e profissional. Recomendo!!<\/p>\n<p>Eduardo Navarro Pereira<br \/>\n\t\t\t<a href=\"https:\/\/api.whatsapp.com\/send?phone=5585981764754\" role=\"button\"><br \/>\n\t\t\t\t\t\tFALE CONOSCO AGORA<br \/>\n\t\t\t\t\t<\/a><\/p>\n<h2>Conhe\u00e7a alguns dos nossos clientes<\/h2>\n<p>\t\t\t\t\t\t\t\t\t\t<img decoding=\"async\" width=\"489\" height=\"285\" src=\"https:\/\/calculotrabalhista.rafaelmota.adv.br\/wp-content\/uploads\/2021\/04\/portfolio-calculo-juridico-01.png\" alt=\"\" loading=\"lazy\" srcset=\"https:\/\/calculotrabalhista.rafaelmota.adv.br\/wp-content\/uploads\/2021\/04\/portfolio-calculo-juridico-01.png 489w, https:\/\/calculotrabalhista.rafaelmota.adv.br\/wp-content\/uploads\/2021\/04\/portfolio-calculo-juridico-01-300x175.png 300w\" sizes=\"auto, (max-width: 489px) 100vw, 489px\" \/><br \/>\n\t\t\t\t\t\t\t\t\t\t<img decoding=\"async\" width=\"490\" height=\"285\" src=\"https:\/\/calculotrabalhista.rafaelmota.adv.br\/wp-content\/uploads\/2021\/04\/portfolio-calculo-juridico-02.png\" alt=\"\" loading=\"lazy\" srcset=\"https:\/\/calculotrabalhista.rafaelmota.adv.br\/wp-content\/uploads\/2021\/04\/portfolio-calculo-juridico-02.png 490w, https:\/\/calculotrabalhista.rafaelmota.adv.br\/wp-content\/uploads\/2021\/04\/portfolio-calculo-juridico-02-300x174.png 300w\" sizes=\"auto, (max-width: 490px) 100vw, 490px\" \/><br \/>\n\t\t\t\t\t\t\t\t\t\t<img decoding=\"async\" width=\"489\" height=\"286\" src=\"https:\/\/calculotrabalhista.rafaelmota.adv.br\/wp-content\/uploads\/2021\/04\/portfolio-calculo-juridico-03.png\" alt=\"\" loading=\"lazy\" srcset=\"https:\/\/calculotrabalhista.rafaelmota.adv.br\/wp-content\/uploads\/2021\/04\/portfolio-calculo-juridico-03.png 489w, https:\/\/calculotrabalhista.rafaelmota.adv.br\/wp-content\/uploads\/2021\/04\/portfolio-calculo-juridico-03-300x175.png 300w\" sizes=\"auto, (max-width: 489px) 100vw, 489px\" \/><br \/>\n\t\t\t\t\t\t\t\t\t\t<img decoding=\"async\" width=\"490\" height=\"285\" src=\"https:\/\/calculotrabalhista.rafaelmota.adv.br\/wp-content\/uploads\/2021\/04\/portfolio-calculo-juridico-05.png\" alt=\"\" loading=\"lazy\" srcset=\"https:\/\/calculotrabalhista.rafaelmota.adv.br\/wp-content\/uploads\/2021\/04\/portfolio-calculo-juridico-05.png 490w, https:\/\/calculotrabalhista.rafaelmota.adv.br\/wp-content\/uploads\/2021\/04\/portfolio-calculo-juridico-05-300x174.png 300w\" sizes=\"auto, (max-width: 490px) 100vw, 490px\" \/><br \/>\n\t\t\t\t\t\t\t\t\t\t<img decoding=\"async\" width=\"490\" height=\"286\" src=\"https:\/\/calculotrabalhista.rafaelmota.adv.br\/wp-content\/uploads\/2021\/04\/portfolio-calculo-juridico-04.png\" alt=\"\" loading=\"lazy\" srcset=\"https:\/\/calculotrabalhista.rafaelmota.adv.br\/wp-content\/uploads\/2021\/04\/portfolio-calculo-juridico-04.png 490w, https:\/\/calculotrabalhista.rafaelmota.adv.br\/wp-content\/uploads\/2021\/04\/portfolio-calculo-juridico-04-300x175.png 300w\" sizes=\"auto, (max-width: 490px) 100vw, 490px\" \/>\t\t\t\t\t\t\t\t\t\t\t<\/p>\n<h2>Passe o trabalho pesado para c\u00e1!<\/h2>\n<p>Somos experientes em c\u00e1lculos jur\u00eddicos trabalhistas e vamos te ajudar a ter mais tempo livre.<\/p>\n<p>D\u00ea mais aten\u00e7\u00e3o \u00e0s outras \u00e1reas da sua empresa e deixe que cuidemos do trabalho t\u00e9cnico.<\/p>\n<p>\t\t\t<a href=\"https:\/\/api.whatsapp.com\/send?phone=5585981764754\" role=\"button\"><br \/>\n\t\t\t\t\t\tLIVRE-SE DO TRABALHO T\u00c9CNICO<br \/>\n\t\t\t\t\t<\/a><\/p>\n","protected":false},"excerpt":{"rendered":"<p>C\u00e1lculos trabalhistas com confiabilidade e credibilidade. Conte com a nossa experi\u00eancia. Deixe o trabalho burocr\u00e1tico com a gente! Somos especializados em c\u00e1lculos jur\u00eddicos trabalhistas. CONVERSE CONOSCO C\u00e1lculos trabalhistas podem ser uma dor de cabe\u00e7a. N\u00f3s entendemos. Eles exigem aten\u00e7\u00e3o m\u00e1xima Esses c\u00e1lculos precisam ser feitos com m\u00e1xima aten\u00e7\u00e3o, pois o desfecho dos processos depende diretamente [&hellip;]<\/p>\n","protected":false},"author":1,"featured_media":0,"parent":0,"menu_order":0,"comment_status":"closed","ping_status":"closed","template":"elementor_canvas","meta":{"footnotes":""},"class_list":["post-8","page","type-page","status-publish","hentry"],"_links":{"self":[{"href":"https:\/\/calculotrabalhista.rafaelmota.adv.br\/index.php?rest_route=\/wp\/v2\/pages\/8","targetHints":{"allow":["GET"]}}],"collection":[{"href":"https:\/\/calculotrabalhista.rafaelmota.adv.br\/index.php?rest_route=\/wp\/v2\/pages"}],"about":[{"href":"https:\/\/calculotrabalhista.rafaelmota.adv.br\/index.php?rest_route=\/wp\/v2\/types\/page"}],"author":[{"embeddable":true,"href":"https:\/\/calculotrabalhista.rafaelmota.adv.br\/index.php?rest_route=\/wp\/v2\/users\/1"}],"replies":[{"embeddable":true,"href":"https:\/\/calculotrabalhista.rafaelmota.adv.br\/index.php?rest_route=%2Fwp%2Fv2%2Fcomments&post=8"}],"version-history":[{"count":0,"href":"https:\/\/calculotrabalhista.rafaelmota.adv.br\/index.php?rest_route=\/wp\/v2\/pages\/8\/revisions"}],"wp:attachment":[{"href":"https:\/\/calculotrabalhista.rafaelmota.adv.br\/index.php?rest_route=%2Fwp%2Fv2%2Fmedia&parent=8"}],"curies":[{"name":"wp","href":"https:\/\/api.w.org\/{rel}","templated":true}]}}